of u(-114)?
6
What is the units digit of ((1 - 0/(-1)) + 1732)*(-11)/(-11)?
3
Suppose -2*w - 6*o = -167 - 477, 0 = -3*w - 5*o + 966. What is the hundreds digit of w?
3
Suppose -5*a = -5*o - 18090, -45*a + 4*o + 7240 = -43*a. What is the tens digit of a?
1
Let f(v) = 20 - 6759*v**3 - 110*v - 8*v**2 + 6760*v**3 - v**2. What is the hundreds digit of f(18)?
9
Let q = -12 - -28. Let t be 62/155 + -2 + q/10. What is the units digit of 1954/8 + 6/8 + t?
5
Suppose 4*y + 16 = 0, -5*w + 2*y - 1086 = -6404. Let q = w - 622. What is the units digit of q?
0
Let r = 25397 + -15139. What is the tens digit of r?
5
Suppose 0 = 13*n - 22*n + 46827. Let x = n - 3666. What is the thousands digit of x?
1
Let x be -5 + -3*(-52)/(-12). What is the hundreds digit of ((-2)/((-12)/3495))/((-9)/x)?
1
Suppose 12*q - 10288 = 99092. What is the units digit of q?
5
Suppose 22*g = 20*g + 4. Suppose 491 = 2*u - 3*k + 4*k, -10 = -g*k. What is the tens digit of u?
4
Let a(c) = -c**3 + 57*c**2 - 74*c - 146. What is the thousands digit of a(54)?
4
Let x = 215 - -250. Suppose -4*t + 166 + x = -m, -3*t - 2*m + 465 = 0. What is the units digit of t?
7
Suppose -4*i = -11582 - 17910. Suppose 6*s + 1121 - i = 0. What is the tens digit of s?
4
Suppose 61013 = -18*y + 200243. Suppose 0 = -21*p + 28*p - y. What is the tens digit of p?
0
Let h(f) = -31 + 110*f + 125 - 51. What is the tens digit of h(4)?
8
Let c = -25999 - -38193. What is the units digit of c?
4
Let i(t) = -149*t + 1. Let w be i(2). Let s be w/(-3) + (-2 - -2). Suppose -3*g + 3*d + 57 = 0, 5*g + 3*d - 28 = s. What is the units digit of g?
3
Let x(u) = 69*u + 45. Let v(j) = 17*j + 11. Let m(g) = 26*v(g) - 6*x(g). Let r be m(-3). Let o = 142 + r. What is the tens digit of o?
7
Suppose -16 = -4*f, l - 76 = 5*l + f. Let h(k) = k**3 + 22*k**2 + 6*k - 9. What is the units digit of h(l)?
1
Let a(y) = -13674*y - 2538. What is the units digit of a(-3)?
4
Let l = 4706 + -1792. Let w = -1544 + l. What is the tens digit of w?
7
Let c be (-4 - 0/3) + -1. Let g(f) = -37*f**3 + 3*f + 3. Let a be g(c). What is the tens digit of a/63 + 2/(-9)?
7
Suppose 280*n - 103853 = 80107. What is the hundreds digit of n?
6
Suppose -9*z + 26 = 8. Suppose 7 = c - z*y + 1, 0 = -2*c - 3*y + 5. Suppose -2*v - 3*v - 235 = -4*r, c*r - 244 = -4*v. What is the units digit of r?
0
Suppose 0 = 5*h - 3*f + 4925 - 11775, -h + 4*f = -1370. What is the units digit of h?
0
Let u(s) = -s**2 - 30*s - 1. Let j be -15 - (-1 + -6 + 11). What is the units digit of u(j)?
8
Let b = -134 - -149. Suppose -2*y + 3341 = 5*f, 16*y = 11*y + b. What is the tens digit of f?
6
Suppose -3*j = -5*i + 4316, -j - 5*i = 2*j + 4366. Let h = j + 2219. What is the hundreds digit of h?
7
Let a be -6 + 519 - 2/(3 + -1). Let f = 908 - a. What is the tens digit of f?
9
Suppose -3*i + 12 = 0, i = 2*n - 3*n - 2363. Let f = 4089 + n. What is the hundreds digit of f?
7
Suppose 4*i = 4*t - 4628, 22*t = 25*t + i - 3463. What is the units digit of t?
5
Let i be -19 + 22 + (1 + 1180 - 0). Suppose 2*g + 2*g = i. What is the tens digit of g?
9
Let c(h) = 1132*h**2 - h - 2. Let l be c(1). Suppose 3*p - 133 = -l. Let w = p - -484. What is the units digit of w?
2
Let m(n) = -18 + 3 + 1 - 2*n. Let q be m(-7). Suppose -s + 105 - 25 = q. What is the units digit of s?
0
Suppose 3*a + 80 + 88 = 0. Let l be 46/(-4 - a/12). Suppose 5*p - 586 - l = 0. What is the units digit of p?
1
Let x = -10014 + 26235. What is the thousands digit of x?
6
Let i = 4 + -4. Suppose 3*l + 3*s + s + 217 = i, -3*l + s - 197 = 0. Let u = l + 203. What is the tens digit of u?
3
Let i = -16066 + 24151. What is the units digit of i?
5
Let y(g) = -g**2 + 2*g + 1. Let x be y(2). What is the tens digit of 7 - (x + -398 + -3)?
0
Let c be -3*((-8)/20)/((-24)/(-100)). Suppose 4*o = 2*d - 0*d + 2592, c*d = -5*o + 3225. What is the tens digit of o?
4
Let a = 10 + -8. Let f(c) be the third derivative of c**6/60 - c**4/24 - c**3/3 - 9*c**2. What is the units digit of f(a)?
2
Let x(j) = 346*j + 786. What is the units digit of x(109)?
0
Let a = 39 - 40. Let w be ((-4)/8 - a)*8. What is the tens digit of w/18 + 28220/180?
5
Suppose -6*w - 1778140 = -14*w - 57*w. What is the tens digit of w?
5
Suppose 0 = 5*c + 3*f + 19, 4*f - 10 = 4*c + 9*f. What is the tens digit of ((-54)/c)/(14/455) + 3?
5
Let l(x) = -x**3 + 53*x**2 - 8*x + 10. What is the tens digit of l(50)?
1
Let j = 499 + -474. Suppose -34*s + j*s = -9315. What is the hundreds digit of s?
0
Let j = 206 - 356. Let h be ((-3)/(30/4))/(5/j). Let p(b) = 8*b - 64. What is the units digit of p(h)?
2
Let a(i) = -9*i + 210. Let c be a(26). What is the hundreds digit of c/16 - (3532/(-8) - 4)?
4
Suppose 0 = 196*a - 502968 - 7604376. What is the ten thousands digit of a?
4
Let b = -7320 - -16637. What is the hundreds digit of b?
3
Suppose -6*h = -4*h - 12. Let d(a) = -3*a**2 - 23 - a - 7 + 41 + h*a**2. What is the hundreds digit of d(6)?
1
Suppose -120*y + 172*y - 319592 = 0. What is the hundreds digit of y?
1
Let t be -177 - -4*(5 - 4 - 0). Let k = t + 960. What is the hundreds digit of k?
7
Let j = 42 - 48. Let g be (j/(-4))/((2/(-2))/2). Let a = 57 - g. What is the units digit of a?
0
What is the ten thousands digit of (-111834)/(-81)*((-59)/(-2) + -1)?
3
What is the tens digit of 1384760/380 - 2/19?
4
Let r(f) = f**3 - f**2 + f - 1. Let o be r(0). Let t be -14 + 13 + o + 92. Suppose 2*s - t - 40 = 0. What is the units digit of s?
5
Suppose h - 3*h - 4*u + 2 = 0, 4*h = 3*u + 15. Let w(q) = 23*q**2 - 12*q + 3. What is the tens digit of w(h)?
7
Suppose -15 - 1 = -8*s. Suppose s*k + k = 3*y - 18, -3*y + 14 = k. Suppose 2*l - y*o - 180 = 0, 4*l + 2*o = 247 + 89. What is the tens digit of l?
8
What is the tens digit of 1420 + 16 + 4/1?
4
Let v = 45 + -31. Let k be ((-8)/v)/((-4)/14*1). Suppose -4*d - k*w + 0*w = -390, 5*w = -2*d + 183. What is the units digit of d?
9
Suppose 5*m - 404695 = -55715. What is the ten thousands digit of m?
6
Suppose 1 = -3*t + 2*s, 10*t + s = 9*t + 3. What is the hundreds digit of (-2)/8*t + 132135/460?
2
Suppose -3*m + 7*m - 248 = -2*d, -4*d + 5*m = -431. Let c = 157 - d. What is the tens digit of c?
4
Let m = -11775 + 14975. What is the units digit of m?
0
Suppose -9*x - 8141 = -10*x - 6*x. What is the thousands digit of x?
1
Suppose 2*j + 2576 = -5*a - j, -a - 523 = -2*j. Let z = 1518 - a. What is the tens digit of z?
3
What is the hundreds digit of 4/324*-6 - (-3 + 485950/(-54))?
0
Suppose -3*h + 25 = 4*i - 8*h, 3*i = h + 5. Suppose 99 = -s - 4*g - 24, 4*s - 4*g + 432 = i. What is the tens digit of s/(-3) + (2 + -1)*4?
4
What is the units digit of (-121050)/(-85) - 30/255?
4
Let n(j) = -j**3 + 13*j**2 - 11*j - 10. Let a be n(12). Suppose 2*v - 3*t + 4 = -65, 0 = -a*v + 5*t - 59. Let l = v - -89. What is the tens digit of l?
4
Suppose 0 = -3*s + 4*j + 5465, 4*s - s + 5*j - 5501 = 0. What is the tens digit of s?
2
Let w = 351 - 345. Let g(y) = 9*y. Let z be g(2). Let p = z - w. What is the units digit of p?
2
Suppose 5*m = 0, -k + 1118 = -2*k + 5*m + 11016. What is the tens digit of k?
9
Suppose 5*w = 4*d - 328000, 4*w - 61206 = -3*d + 184794. What is the thousands digit of d?
2
Let g be 0/(33/15 - 1/5). Let a be (g - -5) + (0 - 5) + 4. Suppose 208 = 4*v - 4*h, 11 = a*h - 1. What is the tens digit of v?
5
Let o = 141413 - 99660. What is the tens digit of o?
5
What is the units digit of (45/(-270) - (-15)/(-18))/(2/(-8370))?
5
Suppose 22 = 3*c + 3*z + 28, 5*z + 12 = -4*c. Let f(v) = v. Let b be f(2). Suppose d + 235 = 3*p, -4*d - c = b. What is the units digit of p?
8
Suppose 2*r - 6435 = -3*i, -534*r + 535*r - 3245 = 4*i. What is the thousands digit of r?
3
Let k = 12 - 8. Suppose 0 = -k*i + 5*i + 11. Let f = 13 - i. What is the tens digit of f?
2
What is the hundreds digit of 90298*(9 - (-187)/(-22))?
1
Let g(p) = -83*p - 4. Let z(q) = -4*q + 31. Let v be z(8). Let y be g(v). Let k = y - 48. What is the units digit of k?
1
Let i(t) = -t**3 + 37*t**2 + 2*t - 69. Let x be i(37). Let u(j) = 33*j**2 + 23*j + 1. What is the tens digit of u(x)?
4
Suppose -5*f = 5*d - 173065, 3*f - 136*d - 103869 = -133*d. What is the units digit of f?
8
Suppose 9*j + 5055 = -6*j. What is the units digit of (-9)/(-6) - j/2?
0
Suppose 0 = -45*d + 62*d + 408. What is the units digit of 32/d*7656/(